when 1143 is divided by l?
108
Let f(y) = 2*y + 135. What is the remainder when 683 is divided by f(-58)?
18
Let v = -625 - -834. Calculate the remainder when 1046 is divided by v.
1
Suppose -16*s + 61 = -99. What is the remainder when (-408)/s*(-70)/28 is divided by 13?
11
Let p(r) = 63*r + 3. Let w be p(2). Let o = 137 - w. Let v(c) = 2*c**2 - 6*c + 2. Calculate the remainder when v(6) is divided by o.
6
Let m = -87 - -132. Suppose 0 = -5*o - 5*l + 2*l + 497, 3*l - 351 = -399. What is the remainder when o is divided by m?
19
Suppose 10*i - c - 13 = 8*i, i - 2 = -c. Suppose i*s - 377 = f, 0 = -3*s + 4*f - 7*f + 219. Calculate the remainder when s is divided by 20.
15
Let b = 10066 + -10037. Calculate the remainder when 2666 is divided by b.
27
Suppose 30*j - 130 = 35*j. Let v = j + 35. What is the remainder when 30 is divided by v?
3
Suppose 28*j + 300 - 4892 = 0. What is the remainder when j is divided by 66?
32
Let l(s) = 7*s - 27. Let f be l(24). Suppose -2*a + f = a. Calculate the remainder when a is divided by 16.
15
Let c be ((-3)/(-1))/3 - -4. Suppose k + c*k = 30. Suppose k*s - 3*s - 36 = 0. What is the remainder when s is divided by 4?
2
Suppose 16646 = 44*z + 3270. What is the remainder when 928 is divided by z?
16
Let a be 12/(35/14 + -4). Let i(b) = -b**2 - 27*b - 116. Calculate the remainder when 49 is divided by i(a).
13
Suppose 3*m + 2*w + 2346 - 11486 = 0, -2*w = -5*m + 15212. What is the remainder when m is divided by 15?
14
Let r(z) = 9*z**3 - z**2 + 6*z + 13. Let x be r(4). Let w = 682 - x. What is the remainder when w is divided by 45?
40
Let n = 31 - 12. Let w(q) = -q**2 - 4*q + 7. Let k be w(-7). Calculate the remainder when (-1 + 3)/(k/(-245)) is divided by n.
16
Let o = 3320 - 3249. Calculate the remainder when o is divided by 16.
7
Suppose 3*l - 4*k = 254, -2*l + 42 + 118 = 2*k. Suppose -l*i - 141 = -85*i. Calculate the remainder when i is divided by 3.
2
Suppose 2*b - 3*s + 10 = 0, -5*s = -2*b - b - 15. Let v(u) = 4*u**2 + 15*u - 5. Calculate the remainder when v(b) is divided by 7.
6
Let p(j) = -j**3 + 2*j**2 + 12*j - 10. Let m be p(6). Let t = m - -98. What is the remainder when 88 is divided by t?
8
Let q(z) = 5*z**2 - 172*z + 334. What is the remainder when 48288 is divided by q(2)?
8
Suppose -104 = -6*j + 202. Suppose -y + 30 = -j. Calculate the remainder when y is divided by 129/(-9)*(-2 - 1).
38
Let s = -11 + 23. Let w = -2166 - -2186. Calculate the remainder when w is divided by s.
8
Let c = 6960 + -6761. Calculate the remainder when 413 is divided by c.
15
Let p(g) = -g**2 + 5*g + 7. Let m be p(5). Let f = -12 + m. Let a = 14 - f. What is the remainder when 36 is divided by a?
17
Let l(h) = h**3 + 4*h**2 - 13*h + 2. Let z be l(-6). Suppose 30 = z*v - 226. What is the remainder when 126 is divided by v?
30
Suppose 1101 = 3*w + q, 5*w + 0*q + 3*q - 1839 = 0. Suppose 0 = z + x - 122, -9*x + 10*x = -3*z + w. Calculate the remainder when z is divided by 26.
18
Let d = 3801 + -3292. Calculate the remainder when 522 is divided by d.
13
Let q = -353 - -384. Suppose -47*o + 592 = -q*o. What is the remainder when 442 is divided by o?
35
Let a(j) = 9*j - 32. Let v(c) = -5*c + 17. Let w(s) = -6*a(s) - 13*v(s). Suppose 15 = 4*z - 21. Calculate the remainder when w(5) is divided by z.
8
Let f = 1379 - 1291. Calculate the remainder when f is divided by 81.
7
Suppose -4*b + 81 = -5*p, 297 + 66 = 15*b + p. What is the remainder when b is divided by 10?
4
Let z = 16 + -12. Suppose 5*q + 48 = -0*g + z*g, 4*q + 2 = -2*g. Suppose 4*s + 4*o + 3 = g, -5*s - 4*o + 8 = 0. What is the remainder when s is divided by 3?
1
Let b = -20508 + 23191. What is the remainder when b is divided by 22?
21
Let n = -46 - -41. Let g(r) = -17*r - 45. Calculate the remainder when g(n) is divided by 14.
12
Let g = -9206 - -9225. What is the remainder when 602 is divided by g?
13
Suppose 15*b = 10*b - 600. Let q = b - -129. Let x = 34 + -28. Calculate the remainder when q is divided by x.
3
Let g(j) be the third derivative of 17*j**5/60 + j**4/24 + j**3/6 - j**2. Let i = -1531784 - -1531794. What is the remainder when g(-2) is divided by i?
7
Let g be 2*5 - (-30 + 30). Let p(s) = -s**3 + 9*s**2 + 9*s + 39. Calculate the remainder when p(g) is divided by 19.
10
Let m = 44 + 33. Let i(w) = 4*w**2 - 14*w - 3. Let d be i(-2). Suppose -4*t + 119 = -3*b, -2*t - 2*b + d = -1. Calculate the remainder when m is divided by t.
25
Suppose 2880 = 10*s - 5*s. Suppose -s = -0*o - 3*o. Calculate the remainder when (o/10)/(18/135) is divided by 29.
28
Let x = -14969 + 14992. Calculate the remainder when 1603 is divided by x.
16
Suppose -k = -30 - 30. Calculate the remainder when k is divided by (-13)/4 - 24939/(-652).
25
Suppose -3*j - 69 = 5*u, j + u - 2*u + 31 = 0. Let b(t) = 3*t + 114. What is the remainder when b(j) is divided by (-1)/1 - (-13 - -1)?
8
Let y = 809 + -787. What is the remainder when 1449 is divided by y?
19
Let l be (1268/4 - 0) + -1. What is the remainder when (l/5)/(10*1/25) is divided by 20?
18
What is the remainder when 221 is divided by 730/6 - 688/258?
102
Let c = -1637 - -2579. What is the remainder when c is divided by 22?
18
Let i = 1073 + -627. Suppose -31*s = -5*s + 39*s - 2080. What is the remainder when i is divided by s?
30
Suppose 3*c = -v - 28, c + 4*v = -26 + 2. Let x(i) = -i**3 - 5*i**2 + 18*i - 3. What is the remainder when 174 is divided by x(c)?
39
Let l(u) = u + 17. Let z be l(17). Let o = -25 + z. What is the remainder when 53 is divided by o?
8
Suppose 4*q = j - 0*q - 39, -4*q - 179 = -5*j. Let d be (1 + 2)/((-3)/(-40)). Suppose -4*p + d = 4. What is the remainder when j is divided by p?
8
Let k(z) = z**3 - 7*z**2 - 7*z - 3. Let a be k(8). Let h(j) = -j - 2*j - 6*j + a + 2*j**2. What is the remainder when h(6) is divided by 14?
9
Let o = 252 + -88. Calculate the remainder when o is divided by (44/(-6) - -6)/((-4)/126).
38
Let w = -1 - 18. What is the remainder when (w + -24)/(2/(-2)) is divided by 6/(-10) - 1062/(-45)?
20
Let h = 2458 + -1923. What is the remainder when h is divided by 534?
1
Let o(r) be the second derivative of -43*r**3/6 - 8*r**2 - 14*r. Let d be o(-3). Suppose d = 8*c - 255. Calculate the remainder when c is divided by 16.
14
Let k(n) = -259*n + 508*n - 245*n - 14. Let y(c) = c**3 + 5*c**2 - c + 1. Let t be y(-5). What is the remainder when 38 is divided by k(t)?
8
Suppose 0 = -8*u + 9 + 7. Suppose -v + u*v - 8 = 0. What is the remainder when (4/(-1) - -3) + 17 is divided by v?
0
Suppose 3*v = 3*r - 636, -2*v + 3*v - 1 = 0. Suppose -3*b - 12 = 0, -s + 5*b = 4*b - 58. What is the remainder when r is divided by s?
51
Let k(s) = 0*s**3 + 20*s**2 + 0*s - 6*s + s**3 + 0*s - 15. Let t be k(-20). Suppose f - 118 = -t. Calculate the remainder when 90 is divided by f.
12
Suppose 5*h - 6184 = h + 4*v, 7*v - 56 = 0. Calculate the remainder when 3130 is divided by h.
22
Let l = -410 - -711. Suppose -871*j + l = -864*j. Calculate the remainder when 85 is divided by j.
42
Suppose -2*l + 17 - 72 = -m, -4*l - 16 = 0. What is the remainder when 56 is divided by m?
9
Let w(o) = -162*o**2 + 15*o + 16. Let m be w(-1). Let j = m - -257. What is the remainder when j is divided by 35?
26
Let g(x) = -3*x**2 + 37*x - 104. Let t(f) = -2*f**3 - 2*f**2 + 3*f - 3. Calculate the remainder when t(-3) is divided by g(7).
0
Suppose 0 = -22*x - 112 + 522 + 976. Calculate the remainder when x is divided by 21.
0
Suppose -4*w - 99 = -5*g - 35, w - 35 = -3*g. What is the remainder when 143 is divided by g/(-18) + (-150)/(-9)?
15
Suppose -8 = -0*w + 2*w. Suppose 9*n - 4 = 23. What is the remainder when 0 - (828/w)/n is divided by 14?
13
Suppose 25*c - 29*c - 4*v + 16 = 0, 0 = -c + 3*v - 12. Suppose 2*x + 2*q - 128 = c, 312 = 5*x - 0*q + q. Calculate the remainder when 184 is divided by x.
60
Let g = 394 - 403. Let f(a) = 23*a + 1. What is the remainder when 5148/54 - (-12)/g is divided by f(1)?
22
Suppose m + 377 = 5*m - 3*b, 0 = 3*m + 2*b - 287. Suppose 4*x - 404 = 4*w, -x + 4*w = -0*x - m. Calculate the remainder when x is divided by 15.
13
Suppose -200*o - 15 = -203*o. Suppose 204 = o*i - 226. What is the remainder when i is divided by 15?
11
Let x be (-1 + 20 + 1)*107/428. Suppose -1 = -2*l - 11, -l = -x*i + 395. What is the remainder 